= -5*n(s) + 2*q(s). Let c be m(11). What is the highest common divisor of 7 and c?
7
Suppose 3*z = 123 - 18. Calculate the greatest common divisor of 65 and z.
5
Suppose -54 = -2*f - f. Let c = -2 - -4. Suppose -c = 5*g - 12. Calculate the greatest common divisor of g and f.
2
Let r = -44 + 99. Let m(b) = b**3 - 5*b**2 - 3*b + 2. Let h be m(4). Let k = 31 + h. What is the greatest common factor of k and r?
5
Let p = 1073 + -1045. What is the highest common divisor of p and 196?
28
Suppose 4*u - 167 = 5*d, 0*d = -4*d + 20. Suppose 0 = 4*p - 367 + 111. What is the greatest common factor of p and u?
16
Let i(d) = -d**2 - 11*d - 14. Let t be i(-11). Let k = -12 - t. Suppose -3*r - 23 = -2*w, r + 23 = k*w - 2. What is the greatest common factor of w and 13?
13
Let n(o) = -2*o**3 + 10*o**2 + 2*o**3 + o**2 - o**3 + 11 + 9*o. Let p be n(12). Let d = 11 - p. Calculate the highest common divisor of 18 and d.
18
Let d(s) = 55*s + 2. Suppose -1 - 4 = -5*x. Let y be d(x). Calculate the highest common factor of y and 38.
19
Suppose 8*a - 284 = 52. Let j be -1 - (-3)/(6/44). Calculate the greatest common divisor of j and a.
21
Suppose 4*a - 3*h + 55 = 0, 38 = -3*a - 2*h + h. Let t = a + 16. Calculate the highest common factor of 18 and t.
3
Let f = -22 + 31. Suppose f*y - 44 = 11*y. Let d be (231/y)/(2/(-12)). What is the greatest common divisor of d and 9?
9
Let c be (-1 - 133)*(-12 - -11). Suppose 5*g = 3*n - 90, -2*g = -n - 3*n + c. Calculate the highest common divisor of n and 35.
35
Let p = -426 + 483. Calculate the highest common divisor of p and 19.
19
Suppose 129*z - 480 = 126*z. Calculate the highest common divisor of 5 and z.
5
Suppose -5*l + 5*p + 25 = 0, 5*l - 4*p = 5 + 24. What is the greatest common divisor of l and 6?
3
Let j(o) = -6*o - 3 - 3*o**2 + 20*o + 9*o + 6*o**2. Let g be j(-9). What is the greatest common factor of 3 and g?
3
Let n(j) = 2*j**2 - 9*j + 2. Let r be n(7). Let h = -19 + r. Suppose 235 = 4*p - 53. Calculate the greatest common divisor of h and p.
18
Let q = 28 - 13. Let j(r) = -r**3 - r**2 - r + 1. Let u be j(-2). Let s be (-14205)/(-135) - (1 - u/9). Calculate the highest common factor of s and q.
15
Let t(k) = k**2 - 6*k + 9. Let j be t(7). Suppose -r - 2 = -j. Let z be (-116)/(-2) - (-84 + 86). What is the highest common divisor of z and r?
14
Suppose -744 = 2*s + 6*s. Let f = 137 + s. Calculate the highest common factor of 11 and f.
11
Let f be (-3 - 107)*(-2 - 12/15). Let p be 28*(5 - 2)/3. Suppose -3*i = -4*i + p. Calculate the highest common divisor of f and i.
28
Let b(u) = -43 - 13*u + 5*u - 3*u + 2. Let j be b(-7). What is the greatest common factor of 12 and j?
12
Let v(n) = -n**3 + 9*n**2 - n. Let g be v(4). Suppose 11*w - 2*w = -405. Let k be w/18*g/(-10). Calculate the greatest common factor of 19 and k.
19
Suppose -3*d = a - 114, 3*d - 4 = 5*d. Suppose 15 = -12*l + 15*l. Suppose -i - 5*o + 12 = 0, -l*o + 0*o = 0. Calculate the greatest common divisor of i and a.
12
Let o(n) = -12*n - 43. Suppose -v - v - 30 = -2*l, 0 = -2*l + 2. Let q be o(v). What is the highest common factor of 25 and q?
25
Suppose -4*j - 52 = -4*y, -y + 59 = 4*y + j. Calculate the highest common factor of 516 and y.
12
Let u(v) = 2*v**3 + 11*v**2 - v + 6. Let g be u(-5). Let f = 49 - g. What is the highest common factor of f and 13?
13
Let d be (-1*(2 - -5))/1. Let y(o) = -3*o + 75 - 160 + 82. Let h be y(d). What is the greatest common factor of 18 and h?
18
Suppose 0 = -0*w + 23*w - 7176. Calculate the highest common factor of w and 24.
24
Let n(r) = -r**2 + 17*r + 3. Let f be n(12). Let b be -9 + (-62)/(-7) + 100/14. What is the highest common factor of b and f?
7
Let n be 12/(-9)*(2 - -1). Let q be (6/n)/(3/(-4)). Let b(a) = -2*a**2 - 32*a - 28. Let j be b(-15). What is the highest common divisor of j and q?
2
Let h(y) = y**3 + 6*y**2 - 6*y + 18. Let r be h(-6). Let w = r + -26. What is the highest common factor of w and 196?
28
Let y = -143 - -213. Suppose 3*v = y + 35. Calculate the highest common factor of 5 and v.
5
Suppose 2*n = 0, -4*o - 4*n + n - 84 = 0. Let k be o/(-1) - (1 - -3). What is the highest common divisor of 51 and k?
17
Let p = -456 + 568. What is the greatest common factor of 16 and p?
16
Let r be 2*-2 - 276/(-6). Calculate the greatest common divisor of r and 112.
14
Let m(u) be the third derivative of -u**6/60 - u**5/10 - 5*u**4/24 - u**3/3 + 23*u**2. Let g be m(-3). Calculate the highest common factor of 13 and g.
13
Let j(g) = 6 - g + 8 - 7. Let b(n) = n**2 + 10*n - 34. Let o be b(-13). Let i be j(o). What is the greatest common factor of 18 and i?
2
Suppose 2*f - 76 = -2*o, -10*f + 32 = o - 6*f. Let l be 2 - 4 - -1*7. What is the highest common factor of l and o?
5
Let b = 36 + -32. Suppose 5*j + 0*r + 4*r = 61, -4*r - b = 0. What is the greatest common divisor of 169 and j?
13
Let v(j) = j**2 + j - 20. Let c be v(9). Suppose -5*l + 129 + 26 = 5*q, 5*l - 125 = 5*q. What is the highest common factor of l and c?
14
Suppose -s + 4*r = 10, 7 - 27 = 4*s + 4*r. Let y be (11/(385/756))/(s/(-20)). What is the greatest common factor of y and 6?
6
Let r(b) = 2*b**2 - 3*b + 11. Let l be r(-11). What is the greatest common factor of l and 154?
22
Suppose 3*n - 5*d = 425, 107*n - 2*d = 104*n + 413. What is the highest common divisor of n and 75?
15
Suppose -144*w + 142*w + 24 = 0. Calculate the highest common divisor of 492 and w.
12
Let h(o) = 47*o + 85. Let r be h(-4). Let b(d) = 12*d**2 - 5*d + 6. Let a be b(4). Let z = a + r. Calculate the highest common divisor of z and 15.
15
Suppose -52 - 64 = -4*m. Suppose -352 = -4*l - 4*j, -j = 2*l + 78 - 253. Calculate the greatest common factor of m and l.
29
Let h(v) = -4*v**2 - v + 2*v**3 - v**3 + 4*v + 9*v**2. Let c be h(4). Suppose 9*r - 3*r = c. What is the greatest common divisor of r and 13?
13
Let q = 21 + -7. What is the greatest common divisor of q and 12?
2
Let s be 0 + -2*(-1 + 0). Let b(p) = 3*p**2 - p + 13 + 3*p**2 - 7*p**s. Let m be b(0). Calculate the greatest common factor of m and 65.
13
Let q be (-2)/(-3) - (-16)/12. Suppose -3*x + q*y = -8, -5*x - 2*y + 8 = -0*x. Let n = -17 - -27. What is the greatest common divisor of x and n?
2
Suppose 0 = -2*t + 19 + 17. What is the greatest common divisor of 90 and t?
18
Suppose 6*u - 441 - 249 = 0. Calculate the highest common factor of u and 598.
23
Suppose -4*k + 5 + 27 = 0. Let p(u) = 3*u**2 - 7*u - 4. Let d be p(k). What is the highest common divisor of d and 22?
22
Suppose 0 = 6*j - 3*j - 5*p - 155, -269 = -5*j + 3*p. What is the greatest common factor of 55 and j?
55
Suppose 4*g + 1 + 11 = 0. Let w(v) = 4*v - 2 - 3*v - 5*v + 3*v. Let k be w(g). What is the greatest common divisor of k and 7?
1
Let d(o) = 4*o - 3. Let c be d(2). Let i be 2/c - 216/(-10). Suppose 135 = 2*u + 25. What is the greatest common factor of u and i?
11
Suppose 6*q - 13 = 23. Let c = -21 + 16. Let y be (3 - 1) + (-1 - c). What is the highest common divisor of q and y?
6
Suppose -138*g = -131*g - 504. Let c be (-342)/(-8) - (-2)/8. Let w = g - c. Calculate the greatest common factor of w and 319.
29
Let c(k) = 17*k - 140. Let w be c(9). What is the greatest common divisor of 13 and w?
13
Let j(w) = 2*w**2 + 11*w + 7. Let k be j(-9). Calculate the highest common factor of 30 and k.
10
Let s be 81/(6/(-2)) - -1. Let g be (-56)/(-26) - (-4)/s. Suppose 7 - 1 = g*z. Calculate the greatest common factor of 1 and z.
1
Let k(n) = 2*n + 4. Let v be k(-6). Let t be ((-52)/v - 4)*10. What is the greatest common factor of 200 and t?
25
Let l = -52 + 56. Suppose 0 = 3*m - 0*k + 5*k - 18, l*m - 4*k = -8. Calculate the highest common factor of 11 and m.
1
Let q = -27 + 83. Let o = -60 - -144. Calculate the highest common factor of q and o.
28
Suppose 13*l = -27*l + 440. Suppose -2*i = -5*z + 512, -i - 380 = -5*z + 131. Let c = z - 25. What is the highest common factor of c and l?
11
Let m(g) = 11*g**3 - 2*g - 3. Let v be m(4). Let d = 973 - v. Let k be ((-9)/6)/((-6)/d). Calculate the greatest common divisor of 10 and k.
10
Let t = -345 - -349. What is the greatest common divisor of t and 12?
4
Suppose -67*p + 22*p = -52470. Calculate the highest common factor of 66 and p.
22
Suppose -5*f - 10 = b, 0 = -0*b + b - 3*f + 34. Let g = -33 + 74. Let w = g +